{"id":377,"date":"2023-03-27T15:38:56","date_gmt":"2023-03-27T15:38:56","guid":{"rendered":"http:\/\/chor-essenrode.de\/?page_id=377"},"modified":"2026-03-02T07:46:06","modified_gmt":"2026-03-02T07:46:06","slug":"historie","status":"publish","type":"page","link":"https:\/\/chor-essenrode.de\/?page_id=377","title":{"rendered":"Historie"},"content":{"rendered":"\n<p><strong>Aus der Vereinsgeschichte<\/strong><\/p>\n\n\n\n<p>Alles, was vor dem Jahre 1920 geschehen ist, verbirgt sich im Dunklen. Beim Brande des Geh\u00f6ftes Fritz Gaus sind im Jahre 1938 alle vor 1920 datierten Schriften des Vereins verbrannt. Bekannt ist lediglich das Gr\u00fcndungsjahr 1849 aus den Vorbesprechungen zum 75j\u00e4hrigen Vereinsjubil\u00e4ums das 1924 gefeiert wurde. Aus diesem Anla\u00df sollte ein Kranz am Grabe des Vereinsgr\u00fcnders, des Kantors Gelbke niedergelegt werden. <\/p>\n\n\n\n<figure class=\"wp-block-image size-large\"><img decoding=\"async\" src=\"http:\/\/chor-essenrode.de\/wp-content\/uploads\/2023\/03\/Kantor-Gelbke-scaled.jpg\" alt=\"\"\/><\/figure>\n\n\n\n<p>Heinrich August Carl Gelbke aus Afferde bei Hameln hat vom 15. April 1849 bis zu seinem Tode 1879 als Lehrer und Kantor in Essenrode gewirkt. <\/p>\n\n\n\n<p>1939 feierte der Chor sein 90j\u00e4hriges Bestehen. Zwischen diesem Fest und der Jahrhunderfeier im Jahre 1949 ruhte die Vereinsarbeit wegen des Krieges und der nachfolgenden schwierigen Jahre fast vollst\u00e4ndig. Nachdem der Verein am 8. April 1948 seine Zwangspause mit einer Versammlung beendete, war die 1949 anstehende Feier des hundertj\u00e4hrigen Bestehens am 24. Juli 1949 etwas ganz besonderes. <\/p>\n\n\n\n<figure class=\"wp-block-image size-large\"><img decoding=\"async\" src=\"http:\/\/chor-essenrode.de\/wp-content\/uploads\/2023\/03\/Chor-Essenrode-1949-scaled.jpg\" alt=\"\"\/><figcaption class=\"wp-element-caption\">Der damalige M\u00e4nnergesangverein Essenrode im Jahre 1949<\/figcaption><\/figure>\n\n\n\n<p>1958 wurde der M\u00e4nnergesangverein in einen gemischten Chor umgewandelt. Aus der folgenden Zeit sind drei H\u00f6hepunkte berichtet. Die Feier zum 110j\u00e4hrigen Bestehen am 19. Juli 1959, die Verleihung der Zelter-Plakette durch den Bundespr\u00e4sidenten am 14. Mai 1961 und schlie\u00dflich das Auftreten des Gemischten Chores am 8. Dezember in der Rundfunksendung &#8222;Funkbilder aus Niedersachsen&#8220;.<\/p>\n\n\n\n<figure class=\"wp-block-gallery has-nested-images columns-default is-cropped wp-block-gallery-1 is-layout-flex wp-block-gallery-is-layout-flex\">\n<figure class=\"wp-block-image size-large\"><img loading=\"lazy\" decoding=\"async\" width=\"1024\" height=\"738\" data-id=\"452\" src=\"https:\/\/chor-essenrode.de\/wp-content\/uploads\/2023\/12\/IMG_0554-1024x738.jpeg\" alt=\"\" class=\"wp-image-452\" srcset=\"https:\/\/chor-essenrode.de\/wp-content\/uploads\/2023\/12\/IMG_0554-1024x738.jpeg 1024w, https:\/\/chor-essenrode.de\/wp-content\/uploads\/2023\/12\/IMG_0554-300x216.jpeg 300w, https:\/\/chor-essenrode.de\/wp-content\/uploads\/2023\/12\/IMG_0554-768x554.jpeg 768w, https:\/\/chor-essenrode.de\/wp-content\/uploads\/2023\/12\/IMG_0554-1536x1107.jpeg 1536w, https:\/\/chor-essenrode.de\/wp-content\/uploads\/2023\/12\/IMG_0554-2048x1476.jpeg 2048w, https:\/\/chor-essenrode.de\/wp-content\/uploads\/2023\/12\/IMG_0554-1200x865.jpeg 1200w\" sizes=\"auto, (max-width: 709px) 85vw, (max-width: 909px) 67vw, (max-width: 1362px) 62vw, 840px\" \/><figcaption class=\"wp-element-caption\">Schlo\u00dfparksingen 1981<\/figcaption><\/figure>\n\n\n\n<figure class=\"wp-block-image size-large\"><img loading=\"lazy\" decoding=\"async\" width=\"1024\" height=\"741\" data-id=\"448\" src=\"https:\/\/chor-essenrode.de\/wp-content\/uploads\/2023\/12\/IMG_0560-1024x741.jpeg\" alt=\"\" class=\"wp-image-448\" srcset=\"https:\/\/chor-essenrode.de\/wp-content\/uploads\/2023\/12\/IMG_0560-1024x741.jpeg 1024w, https:\/\/chor-essenrode.de\/wp-content\/uploads\/2023\/12\/IMG_0560-300x217.jpeg 300w, https:\/\/chor-essenrode.de\/wp-content\/uploads\/2023\/12\/IMG_0560-768x556.jpeg 768w, https:\/\/chor-essenrode.de\/wp-content\/uploads\/2023\/12\/IMG_0560-1536x1112.jpeg 1536w, https:\/\/chor-essenrode.de\/wp-content\/uploads\/2023\/12\/IMG_0560-2048x1482.jpeg 2048w, https:\/\/chor-essenrode.de\/wp-content\/uploads\/2023\/12\/IMG_0560-1200x869.jpeg 1200w\" sizes=\"auto, (max-width: 709px) 85vw, (max-width: 909px) 67vw, (max-width: 1362px) 62vw, 840px\" \/><figcaption class=\"wp-element-caption\">M\u00e4nnergesang!<\/figcaption><\/figure>\n\n\n\n<figure class=\"wp-block-image size-large\"><img loading=\"lazy\" decoding=\"async\" width=\"1024\" height=\"721\" data-id=\"450\" src=\"https:\/\/chor-essenrode.de\/wp-content\/uploads\/2023\/12\/IMG_0558-1024x721.jpeg\" alt=\"\" class=\"wp-image-450\" srcset=\"https:\/\/chor-essenrode.de\/wp-content\/uploads\/2023\/12\/IMG_0558-1024x721.jpeg 1024w, https:\/\/chor-essenrode.de\/wp-content\/uploads\/2023\/12\/IMG_0558-300x211.jpeg 300w, https:\/\/chor-essenrode.de\/wp-content\/uploads\/2023\/12\/IMG_0558-768x541.jpeg 768w, https:\/\/chor-essenrode.de\/wp-content\/uploads\/2023\/12\/IMG_0558-1536x1082.jpeg 1536w, https:\/\/chor-essenrode.de\/wp-content\/uploads\/2023\/12\/IMG_0558-2048x1443.jpeg 2048w, https:\/\/chor-essenrode.de\/wp-content\/uploads\/2023\/12\/IMG_0558-1200x845.jpeg 1200w\" sizes=\"auto, (max-width: 709px) 85vw, (max-width: 909px) 67vw, (max-width: 1362px) 62vw, 840px\" \/><figcaption class=\"wp-element-caption\">Bundesgartenschau Bonn 1976<\/figcaption><\/figure>\n<\/figure>\n\n\n\n<p><\/p>\n\n\n\n<p><strong>Vorsitzende<\/strong> und Chorleiter ( Dirigenten)<\/p>\n\n\n\n<figure class=\"wp-block-table\"><table><tbody><tr><td>Jahr<\/td><td>Vorsitzender<\/td><td>Chorleiter<\/td><\/tr><tr><td>1849<\/td><td>Heinrich August Carl Gelbke<\/td><td>Heinrich August Carl Gelbke<\/td><\/tr><tr><td>1879<\/td><td>Wilhelm M\u00fcller<\/td><td>Wilhelm M\u00fcller<\/td><\/tr><tr><td>&#8212;-<\/td><td>&#8212;&#8212;&#8212;&#8212;-<\/td><td>&#8212;&#8212;&#8211;<\/td><\/tr><tr><td>1920<\/td><td>Theodor Stieghan<\/td><td>Rudi Schrader<\/td><\/tr><tr><td>1922<\/td><td>Albert Stieghan<\/td><td>Herr Tafelsky<\/td><\/tr><tr><td>1922<\/td><td>Albert Stieghan<\/td><td>Lehrer Hillert<\/td><\/tr><tr><td>1928<\/td><td>Albert Stieghan<\/td><td>Lehrer Wallier<\/td><\/tr><tr><td>1931<\/td><td>Friedrich Gaus<\/td><td>Lehrer Wallier<\/td><\/tr><tr><td>1933<\/td><td>Paul M\u00f6nkemeyer<\/td><td>Paul M\u00f6nkemeyer<\/td><\/tr><tr><td>1938<\/td><td>Friedrich Gaus<\/td><td>Paul M\u00f6nkemeyer<\/td><\/tr><tr><td>1938<\/td><td>Ernst Wiegmann<\/td><td>Paul M\u00f6nkemeyer<\/td><\/tr><tr><td>1948<\/td><td>Ernst Wiegmann<\/td><td>Fritz Wiese<\/td><\/tr><tr><td>1949<\/td><td>Willi Brendes<\/td><td>Fritz Wiese<\/td><\/tr><tr><td>1953<\/td><td>Wilhelm Wolter<\/td><td>Fritz Wiese<\/td><\/tr><tr><td>1960<\/td><td>Hermann S\u00f6lter<\/td><td>Fritz Wiese<\/td><\/tr><tr><td>1961<\/td><td>Hermann S\u00f6lter<\/td><td>Peter-Hans Klingsing<\/td><\/tr><tr><td>1963<\/td><td>Hermann S\u00f6lter<\/td><td>Walter Lindner<\/td><\/tr><tr><td>1977<\/td><td>Walter Brandt<\/td><td>Wolfgang Niessner<\/td><\/tr><tr><td>1979<\/td><td>Heinrich Krebs<\/td><td>Wolfgang Niessner<\/td><\/tr><tr><td>1990<\/td><td>Heinrich Krebs<\/td><td>Sylvia Scheer<\/td><\/tr><tr><td>2012<\/td><td>Peter J\u00f6rke<\/td><td>Sylvia Scheer<\/td><\/tr><tr><td>2018<\/td><td>Ralf Bayer<\/td><td>Sylvia Scheer<\/td><\/tr><tr><td>2019<\/td><td>Ralf Bayer<\/td><td>Venus Luis-Piltz<\/td><\/tr><tr><td>2023<\/td><td>Ralf Bayer<\/td><td>Stefanie Vetter<\/td><\/tr><tr><td>2026<\/td><td>\u2014\u2014\u2014<\/td><td>Stefanie Vetter<\/td><\/tr><\/tbody><\/table><\/figure>\n\n\n\n<p>Notenblatt aus unserem Archive<\/p>\n\n\n\n<figure class=\"wp-block-image size-large\"><img loading=\"lazy\" decoding=\"async\" width=\"620\" height=\"1024\" src=\"http:\/\/chor-essenrode.de\/wp-content\/uploads\/2023\/12\/IMG_4007-620x1024.jpeg\" alt=\"\" class=\"wp-image-479\" srcset=\"https:\/\/chor-essenrode.de\/wp-content\/uploads\/2023\/12\/IMG_4007-620x1024.jpeg 620w, https:\/\/chor-essenrode.de\/wp-content\/uploads\/2023\/12\/IMG_4007-182x300.jpeg 182w, https:\/\/chor-essenrode.de\/wp-content\/uploads\/2023\/12\/IMG_4007-768x1269.jpeg 768w, https:\/\/chor-essenrode.de\/wp-content\/uploads\/2023\/12\/IMG_4007-930x1536.jpeg 930w, https:\/\/chor-essenrode.de\/wp-content\/uploads\/2023\/12\/IMG_4007-1240x2048.jpeg 1240w, https:\/\/chor-essenrode.de\/wp-content\/uploads\/2023\/12\/IMG_4007-1200x1982.jpeg 1200w, https:\/\/chor-essenrode.de\/wp-content\/uploads\/2023\/12\/IMG_4007-scaled.jpeg 1550w\" sizes=\"auto, (max-width: 620px) 85vw, 620px\" \/><\/figure>\n","protected":false},"excerpt":{"rendered":"<p>Aus der Vereinsgeschichte Alles, was vor dem Jahre 1920 geschehen ist, verbirgt sich im Dunklen. Beim Brande des Geh\u00f6ftes Fritz Gaus sind im Jahre 1938 alle vor 1920 datierten Schriften des Vereins verbrannt. Bekannt ist lediglich das Gr\u00fcndungsjahr 1849 aus den Vorbesprechungen zum 75j\u00e4hrigen Vereinsjubil\u00e4ums das 1924 gefeiert wurde. Aus diesem Anla\u00df sollte ein Kranz &hellip; <a href=\"https:\/\/chor-essenrode.de\/?page_id=377\" class=\"more-link\"><span class=\"screen-reader-text\">\u201eHistorie\u201c<\/span> weiterlesen<\/a><\/p>\n","protected":false},"author":1,"featured_media":0,"parent":0,"menu_order":0,"comment_status":"closed","ping_status":"closed","template":"","meta":{"footnotes":""},"class_list":["post-377","page","type-page","status-publish","hentry"],"_links":{"self":[{"href":"https:\/\/chor-essenrode.de\/index.php?rest_route=\/wp\/v2\/pages\/377","targetHints":{"allow":["GET"]}}],"collection":[{"href":"https:\/\/chor-essenrode.de\/index.php?rest_route=\/wp\/v2\/pages"}],"about":[{"href":"https:\/\/chor-essenrode.de\/index.php?rest_route=\/wp\/v2\/types\/page"}],"author":[{"embeddable":true,"href":"https:\/\/chor-essenrode.de\/index.php?rest_route=\/wp\/v2\/users\/1"}],"replies":[{"embeddable":true,"href":"https:\/\/chor-essenrode.de\/index.php?rest_route=%2Fwp%2Fv2%2Fcomments&post=377"}],"version-history":[{"count":10,"href":"https:\/\/chor-essenrode.de\/index.php?rest_route=\/wp\/v2\/pages\/377\/revisions"}],"predecessor-version":[{"id":730,"href":"https:\/\/chor-essenrode.de\/index.php?rest_route=\/wp\/v2\/pages\/377\/revisions\/730"}],"wp:attachment":[{"href":"https:\/\/chor-essenrode.de\/index.php?rest_route=%2Fwp%2Fv2%2Fmedia&parent=377"}],"curies":[{"name":"wp","href":"https:\/\/api.w.org\/{rel}","templated":true}]}}